{"id":25,"date":"2012-09-18T21:48:05","date_gmt":"2012-09-18T19:48:05","guid":{"rendered":"http:\/\/www.posaunenchor-essen-altendorf.de\/wordpress\/?page_id=25"},"modified":"2026-03-24T16:14:42","modified_gmt":"2026-03-24T14:14:42","slug":"bilder","status":"publish","type":"page","link":"http:\/\/www.posaunenchor-essen-altendorf.de\/?page_id=25","title":{"rendered":"Bilder"},"content":{"rendered":"<p>Advents- und Weihnachtsliedersingen, 17. Dezember 2025<br \/>\nngg_shortcode_0_placeholder<\/p>\n<p>Chorwochenende Hattingen, 27.-28. September 2025<br \/>\nngg_shortcode_1_placeholder<\/p>\n<p>25-j\u00e4hriges Chroleiterinnen-Jubil\u00e4um. 21. September 2025<br \/>\nngg_shortcode_2_placeholder<\/p>\n<p>Grillen, 30. August 2025<br \/>\nngg_shortcode_3_placeholder<\/p>\n<p>Adventssingen im GZO, 15. Dezember 2024<br \/>\nngg_shortcode_4_placeholder<\/p>\n<p>Grillgebl\u00e4se am Frohnhauser Markt, 6. Dezember 2024<br \/>\nngg_shortcode_5_placeholder<\/p>\n<p>Rheinischer Posaunentag Brauweiler, 8. September 2024<br \/>\nngg_shortcode_6_placeholder<\/p>\n<p>Wochenendfreizeit in Holzbach, 8. August 2024<br \/>\nngg_shortcode_7_placeholder<\/p>\n<p>Stadtteilfest Altendorf 30. Juni 2024<br \/>\nngg_shortcode_8_placeholder<\/p>\n<p>150-j\u00e4hriges Jubil\u00e4um 01.\/02. Juni 2024<br \/>\nngg_shortcode_9_placeholder<\/p>\n<p>Einweihung neuer Sitzm\u00f6bel, Christuskirchplatz, 09. M\u00e4rz 2024<br \/>\nngg_shortcode_10_placeholder<\/p>\n<p>Adventssingen im GZO, 17. Dezember 2023<br \/>\nngg_shortcode_11_placeholder<\/p>\n<p>Wanderweihnachtsmarkt Frohnhausen, 08. Dezember 2023<br \/>\nngg_shortcode_12_placeholder<\/p>\n<p>Terrassenfriedhof am Totensonntag, 26. November 2023<br \/>\nDanke f\u00fcr die Bilder an Frank Weinhold<br \/>\nngg_shortcode_13_placeholder<\/p>\n<p>Radtour an der Ruhr lang, 8. Juni 2023<br \/>\nngg_shortcode_14_placeholder<\/p>\n<p>Wochenendfreizeit in Holzbach, 12.-14. August 2022<br \/>\nngg_shortcode_15_placeholder<\/p>\n<p>Adventsgebl\u00e4se Grieperstra\u00dfe, 15. Dezember 2021<br \/>\nngg_shortcode_16_placeholder<\/p>\n<p>Adventssingen Ohmstra\u00dfe, 12. Dezember 2021 &#8211; corona-sicher<br \/>\nngg_shortcode_17_placeholder<\/p>\n<p>Aktion Menschenkette Seenotrettung, Altendorf, 18. September 2021<br \/>\nngg_shortcode_18_placeholder<\/p>\n<p>Gebl\u00e4se in Corona-Zeiten, Wilhelm-Selle-Haus 08. April 2020<br \/>\nngg_shortcode_19_placeholder<\/p>\n<p>Kurrende-Blasen am Niederfeldsee, 21. Dezember 2019<br \/>\nngg_shortcode_20_placeholder<\/p>\n<p>Adventssingen Ohmstra\u00dfe, 15. Dezember 2019<br \/>\nngg_shortcode_21_placeholder<\/p>\n<p>Adventsbasar vor dem 1. Advent am GZO, 30. November 2019<br \/>\nngg_shortcode_22_placeholder<\/p>\n<p>Terrassenfriedhof am Totensonntag, 24. November 2019<br \/>\nngg_shortcode_23_placeholder<\/p>\n<p>Posaunenchor-Wochenende 23.-25. August 2019<br \/>\nngg_shortcode_24_placeholder<\/p>\n<p>Radtour &#8222;Grimberger Sichel&#8220;, 29. Juni 2019<br \/>\nngg_shortcode_25_placeholder<\/p>\n<p>Terrassenfriedhof am Totensonntag, 25. November 2018<br \/>\nngg_shortcode_26_placeholder<\/p>\n<p>Grillen am 01. September 2018<br \/>\nngg_shortcode_27_placeholder<\/p>\n<p>Radtour Essen &#8211; M\u00fclheim &#8211; Duisburg, 23. Juni 2018<br \/>\nngg_shortcode_28_placeholder<\/p>\n<p>CVJM Bundesposaunenfest Grugahalle Essen, 17. Juni 2018<br \/>\nngg_shortcode_29_placeholder<\/p>\n<p>&nbsp;<\/p>\n<p>&nbsp;<\/p>\n<p>&nbsp;<\/p>\n","protected":false},"excerpt":{"rendered":"<p>Advents- und Weihnachtsliedersingen, 17. Dezember 2025 Chorwochenende Hattingen, 27.-28. September 2025 25-j\u00e4hriges Chroleiterinnen-Jubil\u00e4um. 21. September 2025 Grillen, 30. August 2025 Adventssingen im GZO, 15. Dezember 2024 Grillgebl\u00e4se am Frohnhauser Markt, 6. Dezember 2024 Rheinischer Posaunentag Brauweiler, 8. September 2024 Wochenendfreizeit &hellip; <a href=\"http:\/\/www.posaunenchor-essen-altendorf.de\/?page_id=25\">Weiterlesen <span class=\"meta-nav\">&rarr;<\/span><\/a><\/p>\n","protected":false},"author":1,"featured_media":0,"parent":0,"menu_order":0,"comment_status":"closed","ping_status":"open","template":"sidebar-page.php","meta":{"ngg_post_thumbnail":0,"footnotes":""},"class_list":["post-25","page","type-page","status-publish","hentry"],"_links":{"self":[{"href":"http:\/\/www.posaunenchor-essen-altendorf.de\/index.php?rest_route=\/wp\/v2\/pages\/25","targetHints":{"allow":["GET"]}}],"collection":[{"href":"http:\/\/www.posaunenchor-essen-altendorf.de\/index.php?rest_route=\/wp\/v2\/pages"}],"about":[{"href":"http:\/\/www.posaunenchor-essen-altendorf.de\/index.php?rest_route=\/wp\/v2\/types\/page"}],"author":[{"embeddable":true,"href":"http:\/\/www.posaunenchor-essen-altendorf.de\/index.php?rest_route=\/wp\/v2\/users\/1"}],"replies":[{"embeddable":true,"href":"http:\/\/www.posaunenchor-essen-altendorf.de\/index.php?rest_route=%2Fwp%2Fv2%2Fcomments&post=25"}],"version-history":[{"count":89,"href":"http:\/\/www.posaunenchor-essen-altendorf.de\/index.php?rest_route=\/wp\/v2\/pages\/25\/revisions"}],"predecessor-version":[{"id":3293,"href":"http:\/\/www.posaunenchor-essen-altendorf.de\/index.php?rest_route=\/wp\/v2\/pages\/25\/revisions\/3293"}],"wp:attachment":[{"href":"http:\/\/www.posaunenchor-essen-altendorf.de\/index.php?rest_route=%2Fwp%2Fv2%2Fmedia&parent=25"}],"curies":[{"name":"wp","href":"https:\/\/api.w.org\/{rel}","templated":true}]}}